k - -68. Suppose -45*u = -j*u - 189. What is the greatest common factor of 42 and u?
21
Let i be (961/(18 - 49))/((-1)/8*2). What is the greatest common factor of 1581 and i?
31
Suppose -2*i - 17*i - 17738 = -60298. Calculate the greatest common factor of 350 and i.
70
Let h be 144/10 + 57/95. Suppose -60*c + 55*c - h = 0. Let o = c + 15. What is the greatest common divisor of 6 and o?
6
Let n(j) = 4*j**2 - 41*j - 122. Let l be n(13). What is the highest common divisor of 259 and l?
7
Suppose 5*t - 2*a - 2*a = 5573, -3*t + 3343 = -2*a. Let j = t - 416. What is the highest common factor of 34 and j?
17
Let d = -2435 - -2547. What is the highest common factor of 2304 and d?
16
Let z(c) = 16*c**2 - 13*c - 21. Let m be z(-7). Calculate the greatest common divisor of 14 and m.
14
Let n(o) = 6*o**2 + 2*o + 5. Let s = 49 + -48. Let z be 2 + 5 + (-2 + s)*-1. Let j be n(z). What is the greatest common factor of j and 45?
45
Suppose 0 = 2*m + 223 - 231. Let a = 22 - 58. Let o = 64 + a. What is the highest common factor of o and m?
4
Let w = 1463 + -920. Let n = 606 - w. Calculate the highest common divisor of 105 and n.
21
Let z = 6281 - 3460. What is the highest common divisor of z and 651?
217
Suppose 19*q - 12*q = 6188. Calculate the highest common divisor of 476 and q.
68
Let w = -600 - -713. Calculate the greatest common factor of w and 4.
1
Let l(m) = 2*m**3 + 3*m**2 + 4*m - 8. Let u be l(4). What is the greatest common factor of u and 2116?
92
Let q be ((-340)/240)/(-17)*36. Let j = -7 - -4. Let k(a) = -2*a - 4. Let y be k(j). What is the greatest common divisor of y and q?
1
Let k be 52/(45/((-6075)/(-108))). Let w be ((-832)/6)/(-4)*3. What is the greatest common factor of k and w?
13
Suppose -124 = -172*g + 141*g. Calculate the greatest common divisor of 71 and g.
1
Suppose -4*p - 2*n = -4242, 10*p - 6*p - 4239 = n. Calculate the greatest common factor of 100 and p.
20
Let c = -73 + 113. Let g be -2*(1650/c)/(6/(-28)). What is the highest common factor of 35 and g?
35
Let f be (-2 - (-6 + 2)) + 3. Suppose 2*g - 16 = f*s + 18, 5*s = -3*g + 26. Calculate the highest common divisor of 132 and g.
12
Let d be 5/(2 - 7)*-5. Suppose 3*v + 6 = 0, -4*y - 1 = d*v - 19. Suppose y*k - 27 = 29. Calculate the highest common factor of k and 12.
4
Let j be (99/(-66)*4/6)/(5/(-1615)). Calculate the highest common factor of 76 and j.
19
Let o(h) = 399*h - 43. Let s be o(7). Suppose 5*l + 6*l - s = 0. Calculate the highest common factor of 100 and l.
50
Let m = -1102 - -1338. What is the highest common divisor of 531 and m?
59
Suppose -a + 5*i = 9 - 21, 0 = -3*a + 2*i + 10. Suppose -6 - 2 = -a*u. Suppose -u*p + 136 = -0*p. What is the greatest common divisor of 17 and p?
17
Suppose -4050 = -42*v - 63*v - 53*v + 8590. Let w be (2/4)/(1/96). What is the greatest common divisor of v and w?
16
Let d(g) = -g + 164. Let n be d(-3). Calculate the greatest common divisor of n and 1.
1
Let h be ((-1128)/47)/(5/8 + -1). Let k = 14 + -13. What is the highest common divisor of k and h?
1
Let v be 0*(-2)/4*-1. Suppose -2*b + 0*b + 32 = v. Suppose -6*r - 1440 = -16*r. What is the greatest common divisor of b and r?
16
Let b be (-12)/(4/(-15)*(-20)/(-8)). Let k(v) = -v + 15. Let w be k(13). Suppose -w*y = 6 - 10. Calculate the highest common divisor of b and y.
2
Let u(m) = -8*m - 1. Let r be u(-2). Let c be (-8)/(1 + 3) + -4. Let f = c - -111. What is the greatest common factor of r and f?
15
Suppose -19*q + 63 + 1001 = 0. Let g be (-7 + 8 + (0 - -1))*q. Calculate the greatest common divisor of 14 and g.
14
Let t = -1611 - -2636. Calculate the greatest common factor of 25 and t.
25
Let x = -41 + 37. Let g be x/(-8)*93*6. Let d = 0 - -31. Calculate the highest common divisor of g and d.
31
Let s be ((-6)/4)/(82/(-76) + 1). Suppose -17 = -3*v + s. What is the greatest common factor of 204 and v?
12
Let q = 95 - 87. Let v = 16 + q. What is the highest common divisor of 64 and v?
8
Suppose 4*m - 29*y + 32*y - 9 = 0, -5*y + 15 = -m. Suppose -3*t - g + 173 = -52, -g - 3 = m. What is the highest common divisor of 16 and t?
4
Let z = 15080 + -14597. What is the greatest common factor of z and 690?
69
Let g = -15 + 13. Let a be (9 + (24 - g))/(3 - 2). Calculate the greatest common divisor of 7 and a.
7
Suppose 0 = 11*r - 752 - 689. Let s = 286 - r. Let m = s + -107. What is the greatest common divisor of m and 432?
48
Let x(b) = b**3 + 7*b**2 - 6*b - 30. Suppose -27*h - 174 = -12. Let j be x(h). Calculate the highest common divisor of 42 and j.
42
Suppose -5*v + 6*v + 4 = 0. Let t be (-424*3)/v - -1. Let o = 1365 + -1336. What is the highest common factor of t and o?
29
Suppose 0 = 167*o - 167796 - 209624. What is the greatest common divisor of o and 40?
20
Let k = 120 - 48. Suppose -y + 5*b + 111 = 0, -y = y - 5*b - 242. Let a = y - 113. What is the highest common factor of k and a?
18
Let b(w) = 2*w - 4. Let c be b(4). Suppose -c*d + 6 = -d. Let x be 4/(-8)*d + 11. What is the highest common factor of 30 and x?
10
Suppose -5*j + 959 = -2*r, -2*r + 140 = 5*j - 831. Calculate the highest common factor of 2509 and j.
193
Let t be (-4958)/(-670) + (-42)/(-45) + 1/(-3). What is the highest common divisor of t and 932?
4
Suppose v + 2677 = -73*m + 76*m, 3*m = -5*v + 2707. What is the greatest common factor of m and 42?
6
Suppose -3890 = -37*h + 2844. What is the greatest common factor of 378 and h?
14
Suppose 2*r = 0, -3*i - 6*r - 3428 = -3842. Calculate the highest common divisor of 4462 and i.
46
Let g(j) = -2*j**2 + 284*j + 370. Let h be g(143). What is the highest common factor of 984 and h?
12
Let f = 3142 - 3046. Calculate the highest common factor of 2712 and f.
24
Suppose 3*w - 3*y = 63, 0 = -0*w + 4*w - y - 78. Suppose 0 = -23*o + 2*o + 1848 + 6132. What is the greatest common divisor of o and w?
19
Suppose 5*t - 1450 = -139*o + 136*o, 0 = -5*t + 4*o + 1415. What is the highest common factor of t and 3157?
287
Let v be (22/(330/(-145)))/((-1)/9). What is the greatest common factor of v and 24?
3
Suppose 0 = 2*y - 2*r - 11164 - 8084, 3*y - 4*r - 28871 = 0. Calculate the greatest common factor of 175 and y.
175
Suppose -s + 54 = -2*c, -5*s + 2*c + 83 = -179. Let r be 3080/91 + 8/s. What is the highest common divisor of 221 and r?
17
Suppose 0 = 6*y - 4*y - 172. Suppose -11*r + 24 = -y. Let c be 54/90 + 14/r. Calculate the greatest common divisor of 10 and c.
2
Let s = -11194 - -11275. What is the highest common divisor of 12 and s?
3
Suppose -61 + 43 = 3*d, -2*q + 96 = 2*d. What is the highest common divisor of q and 86?
2
Let n = 42585 + -41847. Calculate the highest common factor of 16728 and n.
246
Let y be (10 - 39456/8)*16/(-32). What is the highest common divisor of 322 and y?
23
Let k = -3102 + 4266. What is the highest common factor of 36 and k?
12
Let m(h) = -13*h**3 + 2*h**2 - 6*h - 4. Let q be m(-3). Suppose 5*g - 97 = q. What is the greatest common divisor of 12 and g?
12
Let d(j) = -29*j**3 + j**2 + 4*j. Let w be d(2). Let f = w + 269. What is the highest common divisor of f and 343?
49
Suppose l - 91 + 18 = -3*t, 0 = t + 5*l - 15. Let q(d) = d**3 + d**2 - 2*d + 10. Let s be q(5). Calculate the greatest common factor of s and t.
25
Suppose t - 155 = 2*n, 5*n = -5*t - 343 - 52. Let x = -30 - n. Suppose 100 = w - 4*a, 3*w = w + 5*a + 215. Calculate the greatest common divisor of x and w.
24
Let m = 165 - 328. Let b = -147 - m. What is the highest common divisor of 128 and b?
16
Let b = 2316 + -2312. Calculate the greatest common divisor of b and 1484.
4
Suppose 0 = -28*c + 73 + 17 + 78. Calculate the highest common factor of 1761 and c.
3
Let z = 7613 + -3641. Calculate the highest common factor of 12 and z.
12
Suppose 0 = -2*u + 4*u - 420. Suppose 3*q = 2*q + u. Let g be -2 + 36 - (-4 - -6)*2. Calculate the highest common factor of q and g.
30
Suppose -225*g - 26 = -238*g. Let f(i) = -i**3 - 3*i**2 + i - 5. Let l be f(-4). Suppose 0 = -5*w - l + 32. Calculate the highest common factor of w and g.
1
Suppose -50 = 7*y - 78. Suppose y*w = -16 + 364. Calculate the greatest common divisor of 3 and w.
3
Suppose 49*o - 737884 = -16*o - 81*o. What is the highest common factor of 532 and o?
266
Let g be ((-225)/(-20))/(1 + (-52)/64). Suppose 1270 = 3*r + 2*h, -855 = -2*r - 